{"id":379,"date":"2023-01-26T15:52:03","date_gmt":"2023-01-26T14:52:03","guid":{"rendered":"https:\/\/www.dansigurnijeginterneta.org\/?page_id=379"},"modified":"2023-01-26T15:52:04","modified_gmt":"2023-01-26T14:52:04","slug":"2022-2","status":"publish","type":"page","link":"https:\/\/www.dansigurnijeginterneta.org\/index.php\/2022-2\/","title":{"rendered":"2022"},"content":{"rendered":"\n<h3 class=\"wp-block-heading\"><strong><a rel=\"noreferrer noopener\" href=\"https:\/\/www.dansigurnijeginterneta.org\/index.php\/nagradene-dsi-radionice-2022\/\" target=\"_blank\">P<\/a><a href=\"https:\/\/www.dansigurnijeginterneta.org\/index.php\/pregled-odrzanih-aktivnosti-dsi-2022\/\" target=\"_blank\" rel=\"noreferrer noopener\">regled odr\u017eanih aktivnosti DSI 2022<\/a><\/strong><\/h3>\n\n\n\n<p>U sklopu Dana sigurnijeg interneta 2022. godine u dugu slogana \u201eZajedno za bolji internet\u201c organizirane su brojne aktivnosti, a sada vam donosimo pregled svih odr\u017eanih s poveznicama na kojima mo\u017eete prona\u0107i njihove snimke! Cijelokupni pregled DSI2022 pogledajte <strong><a href=\"https:\/\/www.dansigurnijeginterneta.org\/index.php\/pregled-odrzanih-aktivnosti-dsi-2022\/\">OVDJE!<\/a><\/strong><\/p>\n\n\n\n<hr class=\"wp-block-separator has-text-color has-very-dark-gray-color has-css-opacity has-very-dark-gray-background-color has-background is-style-wide\"\/>\n\n\n\n<h3 class=\"wp-block-heading\"><strong><a href=\"https:\/\/www.dansigurnijeginterneta.org\/index.php\/nagradene-dsi-radionice-2022\/\" target=\"_blank\" rel=\"noreferrer noopener\">Izvu\u010deni dobitnici nagrada Online kviza u sklopu Dana sigurnijeg interneta 2022.<\/a><\/strong><\/h3>\n\n\n<div class=\"wp-block-image\">\n<figure class=\"aligncenter size-full\"><a href=\"https:\/\/www.dansigurnijeginterneta.org\/index.php\/nagradene-dsi-radionice-2022\/\" target=\"_blank\" rel=\"https:\/\/www.dansigurnijeginterneta.org\/index.php\/upute-za-sudjelovanje-u-online-kvizu\/ noopener\"><img loading=\"lazy\" decoding=\"async\" width=\"1000\" height=\"350\" src=\"https:\/\/www.dansigurnijeginterneta.org\/wp-content\/uploads\/2022\/03\/DSI_radionice.jpg\" alt=\"\" class=\"wp-image-362\" srcset=\"https:\/\/www.dansigurnijeginterneta.org\/wp-content\/uploads\/2022\/03\/DSI_radionice.jpg 1000w, https:\/\/www.dansigurnijeginterneta.org\/wp-content\/uploads\/2022\/03\/DSI_radionice-300x105.jpg 300w, https:\/\/www.dansigurnijeginterneta.org\/wp-content\/uploads\/2022\/03\/DSI_radionice-768x269.jpg 768w\" sizes=\"auto, (max-width: 1000px) 100vw, 1000px\" \/><\/a><\/figure>\n<\/div>\n\n\n<p>Aktivnostima u sklopu Dana sigurnijeg interneta je i slu\u017eHvala svima koji su nam ove godine poslali svoje izra\u0111ene radionice povodom obilje\u017eavanja Dana sigurnijeg interneta 2022. Provjerite dali je i Va\u0161a radionica me\u0111u nagra\u0111enima <strong><a href=\"https:\/\/www.dansigurnijeginterneta.org\/index.php\/nagradene-dsi-radionice-2022\/\" target=\"_blank\" rel=\"noreferrer noopener\">OVDJE!<\/a><\/strong><\/p>\n\n\n\n<hr class=\"wp-block-separator has-text-color has-very-dark-gray-color has-css-opacity has-very-dark-gray-background-color has-background is-style-wide\"\/>\n\n\n\n<h3 class=\"wp-block-heading\"><strong><strong>Zatvorena mogu\u0107nost slanja radionica u sklopu Dana sigurnijeg interneta 2022.<\/strong><\/strong><\/h3>\n\n\n\n<p>Aktivnostima u sklopu Dana sigurnijeg interneta je i slu\u017ebeno do\u0161ao kraj!<\/p>\n\n\n\n<p>Zahvaljujemo se svima koji su na bilo koji na\u010din sudjelovali u obilje\u017eavanju ovogodi\u0161njeg Dana sigurnijeg interneta.<\/p>\n\n\n\n<p><strong>S dana\u0161njim datumom (11. velja\u010de 2022. godine) zatvaramo mogu\u0107nost slanja izra\u0111enih radionica za nagra\u0111ivanje. <\/strong>Radionice zaprimljene nakon dana\u0161njeg dana ne\u0107e biti uzete u obzir za nagra\u0111ivanje.<\/p>\n\n\n\n<p>Zaprimili smo velik broj kreativnih i inovativnih radionica te se ovim putem zahvaljujemo svim razredima i odjeljenjima koji su sudjelovali.<\/p>\n\n\n\n<p>Obzirom na velik broj prijava, <strong>tri najbolje radionice objavit \u0107emo u prvoj polovici o\u017eujka<\/strong> o \u010demu \u0107e dobitnici biti obavije\u0161teni na e-mail adrese s kojih su radionice poslane.<\/p>\n\n\n\n<p>Tim Centra za sigurniji Internet<\/p>\n\n\n\n<hr class=\"wp-block-separator has-text-color has-very-dark-gray-color has-css-opacity has-very-dark-gray-background-color has-background is-style-wide\"\/>\n\n\n\n<h3 class=\"wp-block-heading\"><strong>Izvu\u010deni dobitnici nagrada Online kviza u sklopu Dana sigurnijeg interneta 2022.<\/strong><\/h3>\n\n\n<div class=\"wp-block-image\">\n<figure class=\"aligncenter size-full\"><a href=\"https:\/\/www.dansigurnijeginterneta.org\/index.php\/izvuceni-dobitnici-nagrada-online-kviza-u-sklopu-dana-sigurnijeg-interneta-2022\/\" target=\"_blank\" rel=\"https:\/\/www.dansigurnijeginterneta.org\/index.php\/upute-za-sudjelovanje-u-online-kvizu\/ noopener\"><img loading=\"lazy\" decoding=\"async\" width=\"1000\" height=\"350\" src=\"https:\/\/www.dansigurnijeginterneta.org\/wp-content\/uploads\/2022\/02\/dsi_dobitnici.jpg\" alt=\"\" class=\"wp-image-348\" srcset=\"https:\/\/www.dansigurnijeginterneta.org\/wp-content\/uploads\/2022\/02\/dsi_dobitnici.jpg 1000w, https:\/\/www.dansigurnijeginterneta.org\/wp-content\/uploads\/2022\/02\/dsi_dobitnici-300x105.jpg 300w, https:\/\/www.dansigurnijeginterneta.org\/wp-content\/uploads\/2022\/02\/dsi_dobitnici-768x269.jpg 768w\" sizes=\"auto, (max-width: 1000px) 100vw, 1000px\" \/><\/a><\/figure>\n<\/div>\n\n\n<p>Jo\u0161 jedan Online kviz organiziran u klopu Dana sigurnijeg interneta 2022. je iza nas. Provjerite jeste li upravo vi sretni dobitnik nagrade <strong><a href=\"https:\/\/www.dansigurnijeginterneta.org\/index.php\/izvuceni-dobitnici-nagrada-online-kviza-u-sklopu-dana-sigurnijeg-interneta-2022\/\">OVDJE!<\/a><\/strong><\/p>\n\n\n\n<hr class=\"wp-block-separator has-text-color has-very-dark-gray-color has-css-opacity has-very-dark-gray-background-color has-background is-style-wide\"\/>\n\n\n\n<h3 class=\"wp-block-heading\"><strong>Podcast za roditelje<\/strong><\/h3>\n\n\n<div class=\"wp-block-image\">\n<figure class=\"aligncenter size-full\"><a href=\"https:\/\/youtu.be\/iP7sJD5HwQ0\" target=\"_blank\" rel=\"https:\/\/www.dansigurnijeginterneta.org\/index.php\/upute-za-sudjelovanje-u-online-kvizu\/ noopener\"><img loading=\"lazy\" decoding=\"async\" width=\"1000\" height=\"350\" src=\"https:\/\/www.dansigurnijeginterneta.org\/wp-content\/uploads\/2022\/02\/podcast_za_roditelje_WEB.jpg\" alt=\"\" class=\"wp-image-330\" srcset=\"https:\/\/www.dansigurnijeginterneta.org\/wp-content\/uploads\/2022\/02\/podcast_za_roditelje_WEB.jpg 1000w, https:\/\/www.dansigurnijeginterneta.org\/wp-content\/uploads\/2022\/02\/podcast_za_roditelje_WEB-300x105.jpg 300w, https:\/\/www.dansigurnijeginterneta.org\/wp-content\/uploads\/2022\/02\/podcast_za_roditelje_WEB-768x269.jpg 768w\" sizes=\"auto, (max-width: 1000px) 100vw, 1000px\" \/><\/a><\/figure>\n<\/div>\n\n\n<p>Povodom Dana sigurnijeg interneta donosimo Vam podcast za roditelje sa odgovorima na Va\u0161a pitanja! Cijeli podcast mo\u017eete poslu\u0161ati <strong><a href=\"https:\/\/youtu.be\/iP7sJD5HwQ0\" target=\"_blank\" rel=\"noreferrer noopener\">OVDJE!<\/a><\/strong><\/p>\n\n\n\n<hr class=\"wp-block-separator has-text-color has-very-dark-gray-color has-css-opacity has-very-dark-gray-background-color has-background is-style-wide\"\/>\n\n\n\n<h3 class=\"wp-block-heading\"><strong>Zoom webinar \u201eUloga stru\u010dnjaka u podru\u010dju rizi\u010dnih pona\u0161anja djece i mladih na internetu\u201c<\/strong><\/h3>\n\n\n<div class=\"wp-block-image\">\n<figure class=\"aligncenter size-full\"><a href=\"https:\/\/www.dansigurnijeginterneta.org\/index.php\/zoom-webinar-uloga-strucnjaka-u-podrucju-rizicnih-ponasanja-djece-i-mladih-na-internetu\/\" rel=\"https:\/\/www.dansigurnijeginterneta.org\/index.php\/upute-za-sudjelovanje-u-online-kvizu\/\"><img loading=\"lazy\" decoding=\"async\" width=\"1000\" height=\"350\" src=\"https:\/\/www.dansigurnijeginterneta.org\/wp-content\/uploads\/2022\/02\/zoom.jpg\" alt=\"\" class=\"wp-image-278\" srcset=\"https:\/\/www.dansigurnijeginterneta.org\/wp-content\/uploads\/2022\/02\/zoom.jpg 1000w, https:\/\/www.dansigurnijeginterneta.org\/wp-content\/uploads\/2022\/02\/zoom-300x105.jpg 300w, https:\/\/www.dansigurnijeginterneta.org\/wp-content\/uploads\/2022\/02\/zoom-768x269.jpg 768w\" sizes=\"auto, (max-width: 1000px) 100vw, 1000px\" \/><\/a><\/figure>\n<\/div>\n\n\n<p>Upute za sudjelovanje na Zoom webinaru za stru\u010dnjake u sklopu Dana sigurnijeg interneta 2022. mo\u017eete prona\u0107i <strong><a href=\"https:\/\/www.dansigurnijeginterneta.org\/index.php\/zoom-webinar-uloga-strucnjaka-u-podrucju-rizicnih-ponasanja-djece-i-mladih-na-internetu\/\">OVDJE.<\/a><\/strong><\/p>\n\n\n\n<hr class=\"wp-block-separator has-text-color has-very-dark-gray-color has-css-opacity has-very-dark-gray-background-color has-background is-style-wide\"\/>\n\n\n\n<h3 class=\"wp-block-heading\">Upute za sudjelovanje u online kvizu<\/h3>\n\n\n<div class=\"wp-block-image\">\n<figure class=\"aligncenter size-full\"><a href=\"https:\/\/www.dansigurnijeginterneta.org\/index.php\/upute-za-sudjelovanje-u-online-kvizu\/\"><img loading=\"lazy\" decoding=\"async\" width=\"1000\" height=\"350\" src=\"https:\/\/www.dansigurnijeginterneta.org\/wp-content\/uploads\/2022\/02\/upute2022.jpg\" alt=\"\" class=\"wp-image-265\" srcset=\"https:\/\/www.dansigurnijeginterneta.org\/wp-content\/uploads\/2022\/02\/upute2022.jpg 1000w, https:\/\/www.dansigurnijeginterneta.org\/wp-content\/uploads\/2022\/02\/upute2022-300x105.jpg 300w, https:\/\/www.dansigurnijeginterneta.org\/wp-content\/uploads\/2022\/02\/upute2022-768x269.jpg 768w\" sizes=\"auto, (max-width: 1000px) 100vw, 1000px\" \/><\/a><\/figure>\n<\/div>\n\n\n<p>I ove godine organizirali smo online kviz sa vrijednim nagradama! Sve upute za sudjelovanje u na\u0161em online kvizu mo\u017eete prona\u0107i <strong><a href=\"https:\/\/www.dansigurnijeginterneta.org\/index.php\/upute-za-sudjelovanje-u-online-kvizu\/\">OVDJE.<\/a><\/strong><\/p>\n\n\n\n<hr class=\"wp-block-separator has-text-color has-very-dark-gray-color has-css-opacity has-very-dark-gray-background-color has-background is-style-wide\"\/>\n\n\n\n<h3 class=\"wp-block-heading\">Program Dana sigurnijeg interneta 2022.<\/h3>\n\n\n<div class=\"wp-block-image\">\n<figure class=\"aligncenter size-full\"><a href=\"https:\/\/www.dansigurnijeginterneta.org\/index.php\/program-obiljezavanja-dana-sigurnijeg-interneta-2022\/\"><img loading=\"lazy\" decoding=\"async\" width=\"1000\" height=\"350\" src=\"https:\/\/www.dansigurnijeginterneta.org\/wp-content\/uploads\/2022\/02\/DSI2022.jpg\" alt=\"\" class=\"wp-image-248\" srcset=\"https:\/\/www.dansigurnijeginterneta.org\/wp-content\/uploads\/2022\/02\/DSI2022.jpg 1000w, https:\/\/www.dansigurnijeginterneta.org\/wp-content\/uploads\/2022\/02\/DSI2022-300x105.jpg 300w, https:\/\/www.dansigurnijeginterneta.org\/wp-content\/uploads\/2022\/02\/DSI2022-768x269.jpg 768w\" sizes=\"auto, (max-width: 1000px) 100vw, 1000px\" \/><\/a><\/figure>\n<\/div>\n\n\n<p>Ove godine Centar za sigurniji Internet priprema brojne aktivnosti za sve vas!<\/p>\n\n\n\n<p>Program live eventa koji \u0107e biti dostupan za pra\u0107enje u\u017eivo na YouTube kanalu Centra za sigurniji internet 8. velja\u010de 2022. godine pogledajte <strong><a href=\"https:\/\/www.dansigurnijeginterneta.org\/index.php\/program-obiljezavanja-dana-sigurnijeg-interneta-2022\/\">OVDJE<\/a><\/strong><\/p>\n\n\n\n<hr class=\"wp-block-separator has-text-color has-very-dark-gray-color has-css-opacity has-very-dark-gray-background-color has-background is-style-wide\"\/>\n\n\n\n<h3 class=\"wp-block-heading\">Otvorene prijave za Dan sigurnijeg interneta 2022.<\/h3>\n\n\n<div class=\"wp-block-image\">\n<figure class=\"aligncenter size-full\"><img loading=\"lazy\" decoding=\"async\" width=\"1000\" height=\"350\" src=\"https:\/\/www.dansigurnijeginterneta.org\/wp-content\/uploads\/2022\/01\/2022.jpg\" alt=\"\" class=\"wp-image-217\" srcset=\"https:\/\/www.dansigurnijeginterneta.org\/wp-content\/uploads\/2022\/01\/2022.jpg 1000w, https:\/\/www.dansigurnijeginterneta.org\/wp-content\/uploads\/2022\/01\/2022-300x105.jpg 300w, https:\/\/www.dansigurnijeginterneta.org\/wp-content\/uploads\/2022\/01\/2022-768x269.jpg 768w\" sizes=\"auto, (max-width: 1000px) 100vw, 1000px\" \/><\/figure>\n<\/div>\n\n\n<p>Prijave za sudjelovanje u zajedni\u010dkom obilje\u017eavanju <strong>Dana sigurnijeg interneta 08. velja\u010de 2022. godine<\/strong> su otvorene!<\/p>\n\n\n\n<p>Ove godine u duhu slogana \u201eZajedno za bolji internet\u201c pozivamo sve zainteresirane \u0161kole, organizacije i institucije na <strong>grupne aktivnosti<\/strong> koje \u0107ete raditi zajedno s u\u010denicima, djecom i mladima. Za razliku od prethodnih godina, ove godine nagra\u0111ujemo razrede\/odjeljenja te vas pozivamo da zajedni\u010dki prijavite svoje sudjelovanje.<\/p>\n\n\n\n<p>Detaljne upute dobit \u0107ete na va\u0161e prijavljene e-mail adrese do kraja sije\u010dnja. Upravo radi toga, molimo vas da posebnu pa\u017enju obratite na unos to\u010dne i valjane e-mail adrese. Najbolje grupne radove \u010dekaju vrijedne nagrade i poklon paketi.<\/p>\n\n\n\n<p>Prijave mo\u017eete ispuniti na slijede\u0107em <a href=\"https:\/\/forms.gle\/YN3yv6WAJ67ggtqV6\">LINKU<\/a>. <\/p>\n\n\n\n<p><strong>Prijaviti se mo\u017eete do 7. velja\u010de do 23:59.<\/strong><\/p>\n\n\n\n<p>U\u010dinimo Internet boljim mjestom za sve nas!<\/p>\n\n\n\n<p>#zajednozaboljiinternet #dsi2022 #csi&nbsp;<\/p>\n\n\n\n<hr class=\"wp-block-separator has-text-color has-very-dark-gray-color has-css-opacity has-very-dark-gray-background-color has-background is-style-wide\"\/>\n","protected":false},"excerpt":{"rendered":"<p>Pregled odr\u017eanih aktivnosti DSI 2022 U sklopu Dana sigurnijeg interneta 2022. godine u dugu slogana \u201eZajedno za bolji internet\u201c organizirane su brojne aktivnosti, a sada vam donosimo pregled svih odr\u017eanih s poveznicama na kojima mo\u017eete prona\u0107i njihove snimke! Cijelokupni pregled DSI2022 pogledajte OVDJE! Izvu\u010deni dobitnici nagrada Online kviza u sklopu Dana sigurnijeg interneta 2022. Aktivnostima &#8230; <a title=\"2022\" class=\"read-more\" href=\"https:\/\/www.dansigurnijeginterneta.org\/index.php\/2022-2\/\">Read more<\/a><\/p>\n","protected":false},"author":1,"featured_media":0,"parent":0,"menu_order":0,"comment_status":"closed","ping_status":"closed","template":"","meta":{"footnotes":""},"class_list":["post-379","page","type-page","status-publish"],"_links":{"self":[{"href":"https:\/\/www.dansigurnijeginterneta.org\/index.php\/wp-json\/wp\/v2\/pages\/379","targetHints":{"allow":["GET"]}}],"collection":[{"href":"https:\/\/www.dansigurnijeginterneta.org\/index.php\/wp-json\/wp\/v2\/pages"}],"about":[{"href":"https:\/\/www.dansigurnijeginterneta.org\/index.php\/wp-json\/wp\/v2\/types\/page"}],"author":[{"embeddable":true,"href":"https:\/\/www.dansigurnijeginterneta.org\/index.php\/wp-json\/wp\/v2\/users\/1"}],"replies":[{"embeddable":true,"href":"https:\/\/www.dansigurnijeginterneta.org\/index.php\/wp-json\/wp\/v2\/comments?post=379"}],"version-history":[{"count":1,"href":"https:\/\/www.dansigurnijeginterneta.org\/index.php\/wp-json\/wp\/v2\/pages\/379\/revisions"}],"predecessor-version":[{"id":380,"href":"https:\/\/www.dansigurnijeginterneta.org\/index.php\/wp-json\/wp\/v2\/pages\/379\/revisions\/380"}],"wp:attachment":[{"href":"https:\/\/www.dansigurnijeginterneta.org\/index.php\/wp-json\/wp\/v2\/media?parent=379"}],"curies":[{"name":"wp","href":"https:\/\/api.w.org\/{rel}","templated":true}]}}